, 1493
What are the prime factors of 58164197?
7, 13, 639167
What are the prime factors of 3841789590?
2, 3, 5, 23, 197, 9421
What are the prime factors of 936056109?
3, 19, 16422037
List the prime factors of 6080920076.
2, 7, 11, 113, 379, 461
List the prime factors of 2860915453.
11, 29, 8968387
What are the prime factors of 2870232?
2, 3, 59, 2027
What are the prime factors of 251603828?
2, 7, 109, 11777
List the prime factors of 353045902.
2, 11, 17, 647, 1459
What are the prime factors of 45917776?
2, 109, 113, 233
What are the prime factors of 169879725?
3, 5, 17, 23, 1931
List the prime factors of 1962889936.
2, 7, 17525803
List the prime factors of 361959125.
5, 11, 67, 3929
What are the prime factors of 373103405?
5, 3631, 20551
List the prime factors of 859954056.
2, 3, 13, 809, 3407
List the prime factors of 345762778.
2, 31, 53, 139, 757
List the prime factors of 1410152490.
2, 3, 5, 31, 89, 631
What are the prime factors of 98490161?
7, 11, 1279093
What are the prime factors of 170777029?
107, 1596047
What are the prime factors of 198944034?
2, 3, 33157339
What are the prime factors of 1426951337?
7, 1291, 157901
What are the prime factors of 561915795?
3, 5, 7, 5351579
List the prime factors of 74360193.
3, 17, 229, 6367
List the prime factors of 77068993.
1193, 64601
List the prime factors of 403874464.
2, 7, 307, 839
What are the prime factors of 1516860297?
3, 103, 545437
List the prime factors of 368383628.
2, 19, 4847153
What are the prime factors of 15376634?
2, 7, 13, 67, 97
List the prime factors of 2647912129.
17, 155759537
What are the prime factors of 6144307205?
5, 1228861441
List the prime factors of 4809364474.
2, 19, 126562223
What are the prime factors of 7727354605?
5, 17351, 89071
What are the prime factors of 108575040?
2, 3, 5, 7, 107, 151
What are the prime factors of 1901106230?
2, 5, 190110623
What are the prime factors of 102107107?
61, 367, 4561
What are the prime factors of 148789222?
2, 1447, 51413
List the prime factors of 1548132087.
3, 1303, 396043
List the prime factors of 76089627.
3, 8454403
List the prime factors of 560857570.
2, 5, 7, 13, 616327
What are the prime factors of 1503740000?
2, 5, 7, 23, 467
List the prime factors of 38601353.
7, 887, 6217
List the prime factors of 292608362.
2, 146304181
List the prime factors of 960804516.
2, 3, 7, 101, 269, 421
What are the prime factors of 4553312789?
223, 523, 39041
What are the prime factors of 153637268?
2, 19, 106397
List the prime factors of 623866406.
2, 19, 821, 19997
What are the prime factors of 41632364?
2, 113, 92107
List the prime factors of 636480607.
7, 163, 503, 1109
List the prime factors of 96675158.
2, 17, 59, 48193
List the prime factors of 121529751.
3, 7, 61, 13553
List the prime factors of 1395648.
2, 3, 2423
What are the prime factors of 70478833?
89, 791897
List the prime factors of 91528135.
5, 18305627
What are the prime factors of 34022675?
5, 43, 31649
What are the prime factors of 617477330?
2, 5, 757, 81569
List the prime factors of 24904049.
3181, 7829
List the prime factors of 32850793.
31, 1059703
What are the prime factors of 107246467?
107246467
List the prime factors of 351010296.
2, 3, 7, 13, 317
List the prime factors of 7258641775.
5, 7, 11, 2833
What are the prime factors of 29257534?
2, 14628767
What are the prime factors of 447200284?
2, 41, 2726831
What are the prime factors of 51669672?
2, 3, 2152903
List the prime factors of 257395164.
2, 3, 13, 17, 71, 1367
What are the prime factors of 274004872?
2, 379, 90371
List the prime factors of 26415487.
7, 67, 151, 373
List the prime factors of 5363974959.
3, 7, 4523, 56473
What are the prime factors of 27756257?
17, 257, 6353
List the prime factors of 1484667617.
17609, 84313
List the prime factors of 28572689.
239, 119551
List the prime factors of 18263212.
2, 11, 415073
List the prime factors of 1431160661.
7, 157, 1302239
What are the prime factors of 5480350688?
2, 43, 3982813
List the prime factors of 19272865.
5, 3854573
List the prime factors of 368804613.
3, 17, 31, 479, 487
What are the prime factors of 51642655?
5, 103, 149, 673
List the prime factors of 115111385.
5, 367, 62731
List the prime factors of 103853678.
2, 463, 112153
List the prime factors of 17874844.
2, 13, 139, 2473
List the prime factors of 3181339535.
5, 11, 1061, 54517
What are the prime factors of 36884893?
23, 37, 89, 487
List the prime factors of 3478327937.
7, 31, 53, 167, 1811
What are the prime factors of 79820808?
2, 3, 3325867
List the prime factors of 64149913.
4297, 14929
What are the prime factors of 10579399?
113, 251, 373
List the prime factors of 50270804.
2, 29, 433369
What are the prime factors of 1116786?
2, 3, 11, 16921
What are the prime factors of 207386589?
3, 69128863
List the prime factors of 857466195.
3, 5, 57164413
What are the prime factors of 233948787?
3, 467, 166987
What are the prime factors of 122835972?
2, 3, 7, 113, 12941
List the prime factors of 97803234.
2, 3, 563, 3217
What are the prime factors of 16554080?
2, 5, 157, 659
What are the prime factors of 15286526?
2, 19, 402277
What are the prime factors of 206863896?
2, 3, 71, 73, 1663
List the prime factors of 27734396.
2, 109, 63611
List the prime factors of 76291759.
23, 3317033
What are the prime factors of 889102982?
2, 444551491
List the prime factors of 22699191.
3, 7566397
What are the prime factors of 35982337?
1607, 22391
What are the prime factors of 56992102?
2, 3457, 8243
What are the prime factors of 3754197800?
2, 5, 41, 457829
List the prime factors of 62675230.
2, 5, 23, 379, 719
What are the prime factors of 578905295?
5, 307, 377137
What are the prime factors of 39768947?
29, 1371343
What are the prime factors of 47256631?
29, 83, 677
What are the prime factors of 295403004?
2, 3, 13, 210401
What are the prime factors of 3121446986?
2, 7, 11059, 20161
What are the prime factors of 377105291?
127, 2969333
What are the prime factors of 55704170?
2, 5, 5570417
List the prime factors of 910162372.
2, 7, 281, 115679
List the prime factors of 17762006.
2, 349, 25447
List the prime factors of 2198280477.
3, 41, 131, 136429
List the prime factors of 542997594.
2, 3, 1117279
What are the prime factors of 1505125650?
2, 3, 5, 7, 47, 4357
What are the prime factors of 1232350563?
3, 29, 277, 51137
What are the prime factors of 40142508?
2, 3, 7, 17, 28111
List the prime factors of 87459984.
2, 3, 23, 26407
List the prime factors of 16038239.
7, 327311
What are the prime factors of 31251987?
3, 13, 761
List the prime factors of 85551225.
3, 5, 17, 3947
What are the prime factors of 2241537358?
2, 23, 48729073
List the prime factors of 66086350.
2, 5, 11, 120157
List the prime factors of 60826688.
2, 13, 29, 2521
List the prime factors of 791832413.
791832413
What are the prime factors of 516456482?
2, 349, 739909
List the prime factors of 47559345.
3, 5, 701, 4523
What are the prime factors of 6986183?
1123, 6221
What are the prime factors of 116176454?
2, 43, 1350889
List the prime factors of 4096088788.
2, 11, 227, 397, 1033
List the prime factors of 1302148441.
11, 443, 267217
List the prime factors of 61075711.
29, 2106059
What are the prime factors of 932164400?
2, 5, 17, 29, 163
What are the prime factors of 728512158?
2, 3, 11, 11038063
What are the prime factors of 1197043251?
3, 399014417
What are the prime factors of 141879170?
2, 5, 14187917
What are the prime factors of 30994940?
2, 5, 157, 9871
List the prime factors of 107769629.
11, 9797239
List the prime factors of 301413219.
3, 8081, 12433
List the prime factors of 3888323834.
2, 23, 84528779
List the prime factors of 52660578.
2, 3, 29, 302647
List the prime factors of 49391083.
7, 59, 119591
What are the prime factors of 27736032?
2, 3, 43, 6719
What are the prime factors of 1844560903?
1844560903
What are the prime factors of 240455213?
5417, 44389
List the prime factors of 156314678.
2, 13, 6012103
What are the prime factors of 574146619?
574146619
What are the prime factors of 38711694?
2, 3, 7, 29, 37, 859
What are the prime factors of 53567417?
199, 269183
List the prime factors of 1704114652.
2, 41, 317, 32779
What are the prime factors of 372516779?
2357, 158047
List the prime factors of 1751015066.
2, 22